e y(-5).
8
Let z(s) be the second derivative of 1/6*s**3 - s + 0 + s**2. Let b = 1 - 4. What is z(b)?
-1
Let y be 1 + 0 + 1 - -1. Let c be (1 - y) + (-4)/(-2). Suppose -5*j + 25 = 0, -4*r + 3*j - 2*j - 1 = c. Let u(t) = -t. What is u(r)?
-1
Let a(l) be the second derivative of l**3/6 - 3*l**2/2 - 2*l - 4. Calculate a(10).
7
Suppose -2*a + 3*a = 0, 2*u = 4*a - 12. Let v(o) = o**2 - o - 2. Let w be v(3). Let i(z) = -5 + w*z + 8 + 4*z - 7*z. Calculate i(u).
-3
Let s(a) = -a**3 + 8*a**2 - a + 11. Let f be s(8). Let b(j) = -4*j + 5*j**2 + 3 - j**3 - 3. Calculate b(f).
6
Let n(g) be the first derivative of -2*g + 1/2*g**2 + 2. Determine n(3).
1
Let m(z) = -z - 2. Let q be m(-3). Let n be q/(-3) - 17/3. Let r(h) = -h**2 - 6*h - 7. Determine r(n).
-7
Let m(k) = -3*k**2 + 8*k + 1. Let w(j) = -j**2 + j. Let c(v) = m(v) - 2*w(v). Let b be c(6). Let l(r) = -2*r**2 + 2*r**2 + r**2 + b. Determine l(-1).
2
Suppose -2*b - 15 + 49 = 0. Let c be b/3 - 12/(-36). Let i(v) = v - 2. Determine i(c).
4
Let c = -1 + 1. Let k(b) = 1 + c + 2 + b. Give k(6).
9
Let a(s) = 3*s + 3. Let f(b) = -b. Let g(d) = a(d) + 2*f(d). Let v(o) = -o - 3. Let x be v(-8). What is g(x)?
8
Let c(s) = -13*s**3 - 29*s**2 - 20*s + 1. Let h(b) = -7*b**3 - 15*b**2 - 10*b. Let a(o) = 6*c(o) - 11*h(o). Calculate a(-8).
22
Let f(k) = -k**3 + 3*k**2 + 2*k + 4. Suppose -15 = 2*m - 3*m. Suppose -4*x + m = -1. Calculate f(x).
-4
Let t(c) be the third derivative of -c**4/24 - c**3/2 + 2*c**2. Let u be 1 + (3 + 2 - 2). Determine t(u).
-7
Let b(q) = 3*q - 6 + 8 - 13. Determine b(8).
13
Let r(m) = -5*m**2 + 4*m - 8. Let g(l) = -4*l**2 + 4*l - 7. Let j(w) = -7*g(w) + 6*r(w). Let k(q) = -q**2 - 2*q. Let u be k(-3). Give j(u).
-5
Let s(w) = w**3 + 3*w**2 - w - 4. Let n be ((-4)/10*1)/(23/230). Calculate s(n).
-16
Let g(u) = u**3 - 4*u**2 - 8*u + 5. Suppose 7*p + 10 = 9*p. Determine g(p).
-10
Let c(q) = 5 - 5 - 1 + q - 6. Let i(t) = t**3 + 7*t**2 + t + 10. Let u be i(-7). What is c(u)?
-4
Let o = 9 - 2. Let n(z) = 4*z**2 - 6*z**2 - o*z - 5 + z**2. Give n(-5).
5
Suppose 0*s + 2*s = -20. Let p be (-52)/s - (-2)/(-10). Let o(v) be the second derivative of v**5/20 - v**4/2 + v**3/2 + 7*v**2/2 - 47*v. Calculate o(p).
-3
Let g = 2 - -2. Suppose -15 = g*u - 3. Let w(r) = 2*r**2 + 5*r + 4. What is w(u)?
7
Let z(r) = -r**2 + r. Let b(a) = 4*a**2 - 4*a + 2. Let q(p) = b(p) + 5*z(p). Calculate q(0).
2
Suppose 20 = -7*m + 2*m. Let c(d) = d**3 + 3*d**2 - d. Give c(m).
-12
Let w(o) = o + 6. Let g(l) = 2*l + 11. Let k(q) = -6*g(q) + 11*w(q). Determine k(7).
-7
Let k be (2/(-5))/((-3)/15). Let z(x) = k*x - 3*x + 1 - 5*x + 3*x. Calculate z(4).
-11
Suppose 5*x = 2*w + 21, -3*x + w + 12 = -0*w. Let c be 10/4 - x/6. Suppose -b = -2*b - 2*j + 8, -2*b = -c*j + 2. Let g(f) = 2*f**3 - 3*f**2 + f - 2. Give g(b).
4
Let y = -14 - -22. Suppose 3*c - c + y = 0. Let x(b) be the third derivative of b**4/24 + 3*b**3/2 - b**2. What is x(c)?
5
Let q(w) be the first derivative of 5/2*w**2 - 1 + 4/3*w**3 - 1/4*w**4 - 3*w. Suppose 21 = 5*s + 2*z, z + 4*z = -2*s. Give q(s).
-3
Suppose -x = -2*x - f, 3*f = 4*x - 14. Suppose -x*g + 5*g = -15. Let t(o) be the second derivative of -o**5/20 - 5*o**4/12 + 5*o**2/2 - o - 21. What is t(g)?
5
Let j(d) = d + 11. Let f be j(-6). Let w(o) be the second derivative of -o**5/20 + o**4/3 + o**3 - 7*o**2/2 + 2*o. What is w(f)?
-2
Let s(p) = -3*p - p**2 + 2*p - 3 + 0. Calculate s(0).
-3
Let d(p) be the first derivative of p**3/3 - p**2/2 + p - 16. What is d(4)?
13
Let w(r) = 2*r**2 - 10*r - 12. Let o(i) = i**2 - 5*i - 6. Let y(b) = 11*o(b) - 6*w(b). Suppose -2 - 3 = -l. What is y(l)?
6
Let y(s) = s**3 - 4*s**2 + 4. Let j(g) = -g**3 - 10*g**2 + g + 13. Let k be (3/6)/((-2)/40). Let u be j(k). Calculate y(u).
-5
Let x be ((-1)/(-2))/((-1)/(-12)). Let q = x + -4. Let t(s) = -2*s**3 + 3*s**2 - s + 1. Calculate t(q).
-5
Let y(k) = 3*k**2 - 10. Let r(c) = 7 - 7*c**2 + 0*c**2 + 5*c**2. Let u(d) = 7*r(d) + 5*y(d). Suppose 0 = -17*v + 21*v. Calculate u(v).
-1
Let n(l) = 7*l**2 + 5*l + 9. Let z(s) = -3*s**2 - 3*s - 5. Let i(g) = 2*n(g) + 5*z(g). Let a be ((-15)/6 + 0/(-3))*2. Determine i(a).
-7
Let d = -21 - -17. Let f(u) = 3*u**2 - 5*u - 2. Let r(k) = -7*k**2 + 11*k + 4. Let x(s) = d*r(s) - 9*f(s). Calculate x(-2).
4
Let g(k) = 273*k - 276*k - 2*k**3 - 4 + 4 + 2*k**2. Calculate g(2).
-14
Let p(i) be the third derivative of -i**4/4 + i**3/2 + 50*i**2. Determine p(2).
-9
Suppose -3 = -2*h + h. Let c(k) = 2*k**3 + k**2 - 9*k - 4. Let a(m) = -m**3 + 4*m + 2. Let p(n) = 5*a(n) + 2*c(n). Determine p(h).
-1
Let q = 4 - -1. Suppose -2*x - 20 = -x - q*w, 0 = -2*x - 3*w + 12. Let z(t) = -3 - 2*t + 10 + 3*t + 0*t. Determine z(x).
7
Let c(z) = -z**3 - 4*z**2 + 4*z - 3. Let a = 110 + -115. What is c(a)?
2
Let i(w) be the second derivative of w**3/6 - 3*w. Give i(5).
5
Let f(m) = 0*m**2 - 6*m + m**2 - 1 - 2*m**2. Let g be f(-5). Let c(o) = o - 5. Calculate c(g).
-1
Let r(k) be the third derivative of k**5/60 - k**4/8 - k**3/3 - 4*k**2. What is r(4)?
2
Let u(o) = 2 - 4 + 4*o**3 + 6*o**3 + 1. Calculate u(1).
9
Let b(v) = v**2 + 1. Let s(t) be the first derivative of t**2/2 + 11*t - 2. Let g be s(-8). Suppose g = -3*z - 6, 15 = -k - 4*z. Determine b(k).
10
Let m(w) = -20*w**2 - 23*w - 8. Let b(x) = 7*x**2 + 8*x + 3. Let c(d) = -17*b(d) - 6*m(d). Give c(-3).
0
Let w(c) = c - 7. Let k be 790/60 + 1/(-6). Suppose -2*z + 8 = 0, 2*f + k = f + 5*z. Determine w(f).
0
Let t(y) = -y**3 + 6*y**2 - 4*y + 4. Suppose 5*g + 8 = 33. Determine t(g).
9
Let h(o) = -o**2 - 1. Let n(d) = d**3 + 4*d**2 + 7*d - 7. Let g(j) = -4*h(j) + n(j). Calculate g(-7).
-3
Let u = 38 - 31. Let w(y) be the second derivative of -y**3/6 + y**2/2 - 3*y. What is w(u)?
-6
Let x(s) = 39 - 2*s**2 + 3*s**2 - 42 - 3*s. Determine x(3).
-3
Let j(y) = y**3 - 3*y**2 + y + 1. Let p be j(2). Let x be -2*(0 + p)*-1. Let t(k) = 3*k + 2. What is t(x)?
-4
Let n be 2/(-4) + (-119)/34. Let f(a) = 5*a**2 - a. Let o be f(-1). Let i(h) = -o + 2*h + 3 - 3*h**2 + 0*h**2 - h**3. Determine i(n).
5
Let i(z) = -17*z - 8. Let v(d) = -9*d - 4. Let b(p) = -6*i(p) + 11*v(p). Give b(3).
13
Let j(h) = -5*h + 4 + 0*h + 2*h + h. Let d(w) = 2*w - 5. Let o(m) = -2*d(m) - 3*j(m). Calculate o(-2).
-6
Let x(v) = -v**2 + 3*v + 5. Let h be x(4). Let g(s) be the first derivative of -s**3/3 + s**2 - s + 18. Determine g(h).
0
Let t(q) be the first derivative of -14*q**3/3 - q**2/2 - q - 40. What is t(-1)?
-14
Let n be 2 + 20/(-8)*(-18)/(-15). Let p(z) be the second derivative of -1/2*z**2 - 2*z - 1/3*z**4 + 0 - 1/6*z**3. Determine p(n).
-4
Let i(o) = 16*o + 35. Let x(a) = 3*a + 7. Let t(h) = 2*i(h) - 11*x(h). Give t(-7).
0
Let m = -141 - -146. Let v(d) be the third derivative of -3*d**2 + 0*d**m + 3/40*d**6 + 0*d**4 + 0*d + 0 + 1/6*d**3. Determine v(-1).
-8
Let p = -2 + 3. Let h(d) = -2 - 2*d + 0 - p - 3. Give h(-6).
6
Let w(n) = -4*n + 1 - 4*n + 6*n + 3*n. Let m be ((-8)/10)/((-2)/5). Let b be (-15)/(-4) - m/(-8). Determine w(b).
5
Let p(j) = 3*j + 3. Let w(f) = 5*f + 5. Let y(v) = 8*p(v) - 5*w(v). What is y(-6)?
5
Suppose 2*u + u - 18 = 0. Let r(a) = -a**3 + 6*a**2. Calculate r(u).
0
Let d = 3 - 3. Suppose 5*i + 0*b + 4*b + 20 = d, b = -3*i - 12. Let a(s) = -13*s + 2 + 10*s + 4*s. Calculate a(i).
-2
Let y be (-45)/6*8/(-10). Suppose 2*c - 4 = y*c. Let r(j) = 3*j**3 + 2*j + 1. Determine r(c).
-4
Let g(k) be the second derivative of k**5/20 - 5*k**4/12 - k**3 + 7*k**2/2 + 10*k. Give g(6).
7
Let h(p) = p**3 - 7*p**2 + 2*p - 7. Let a(r) = -r**2 - 1. Let q(c) = 4*a(c) - h(c). Let x be -5*2/(-10)*2. What is q(x)?
3
Let b = 2 - -18. Suppose 3*j - 5*j = -b. Let q(n) = n**3 - 10*n**2 + 2. Let i be q(j). Let y(v) = -3*v**2 + 2*v. Calculate y(i).
-8
Suppose -3*u - 21 = -6. Let f(l) = -l - 5. Calculate f(u).
0
Let g(u) = -u**3 - 2*u**2 - 4*u - 2. Let q(x) = -4*x + 2. Let p be q(1). What is g(p)?
6
Let j be 2 + (-2)/(2/(-3)). Let l(t) = -9*t + 13. Let m(g) be the third derivative of 5*g**4/12 - 7*g**3/3 + 4*g**2. Let p(z) = -7*l(z) - 6*m(z). Give p(j).
8
Let w = -43 + 45. Let y(u) be the second derivative of 3*u**w + 1/3*u**3 - 2*u + 0. Give y(-5).
-4
Let y = -100 - -106. Let w(h) = 2*h - 3. Calculate w(y).
9
Let y(l) = 30*l**2 - l**2 - 2 - 28*l**2. Give y(-2).
2
Let g(f) = 2*f**2 + f. Let i be (-16)/(-6)*3*1. Suppose 3*w = -3*v